t o(n) = -6*n - 2. What are the prime factors of o(z)?
2, 5
Let u be ((1 + -10)/3)/(-1). Suppose 0 = -5*y - 3*b - b + u, -12 = -y + 3*b. Let f = y + 1. What are the prime factors of f?
2
Let h be 2/(2*(-1 - -2)). Suppose 5*t = 3*f + 12, 2*f + h = 2*t - t. List the prime factors of t.
3
Let k(j) = 10*j**2 + 4*j - 2. Let d(w) = 5*w**2 + 2*w - 1. Let i(p) = 11*d(p) - 6*k(p). Let x be i(1). Let r = -4 - x. What are the prime factors of r?
2
List the prime factors of -3*1 - -12*1.
3
Let p be 231/15 + (-6)/15. Let r = -11 + p. Suppose r*i - i - 36 = 0. What are the prime factors of i?
2, 3
Let s(r) = r - 4. Let m be s(4). Suppose -4 - 6 = 2*u, -2*x + u + 9 = m. Suppose 13 = 2*y - 3*k, -2*y - y = -x*k - 22. What are the prime factors of y?
2
Let d be (-10)/(-5) - 4/2. Suppose d = 3*m - 7 - 5. Suppose -9*x - 5*z + 75 = -m*x, -3*x + 13 = -5*z. What are the prime factors of x?
11
Let p(v) = 7*v**2 + 7*v + 5. What are the prime factors of p(-4)?
89
Suppose 4*z + 4 = 0, -2*z - 15 = j + 3*z. Let k be 1*20*4/j. Let q = k - -19. List the prime factors of q.
11
Suppose 2*k + 7*r = 2*r + 168, 3*k + r - 265 = 0. List the prime factors of k.
89
Let g(n) = n**3 + 2*n**2 - 2*n - 3. Let q be g(-2). Suppose s = q + 4. Suppose x + 4*r - 19 = 0, -x + r + r - s = 0. What are the prime factors of x?
3
Suppose 15 + 21 = 4*k. What are the prime factors of k?
3
Let q be (-8)/(-2) - 3 - -24. Suppose -50 = -30*m + q*m. List the prime factors of m.
2, 5
Suppose -14*x = -20*x + 1734. List the prime factors of x.
17
Suppose -i + 1 = -4. What are the prime factors of i?
5
Suppose 5*f = -o - 4*o + 20, -2*o + 3*f = -3. Suppose 2*w - 4*l - 36 = 0, 4*w - 2*l - 90 = -o*l. List the prime factors of w.
2, 11
Let t = 2 - -3. List the prime factors of t.
5
Let s(z) = -3*z - 2. Let y = 8 + -10. Let u be s(y). Suppose -5 = l + w - 23, 2*l - u*w - 6 = 0. List the prime factors of l.
13
List the prime factors of 40/(-15)*(-27 + 0).
2, 3
Suppose -2*p + 4 = -p, -p = -4*v + 12. Suppose 16 - v = -2*a. Let k = -4 - a. List the prime factors of k.
2
Suppose -8 = b - k, 11 + 32 = -5*b + 2*k. Let u = b + 15. Suppose 61 = 5*d - 2*n + u*n, 4*d - 4*n = 20. List the prime factors of d.
3
Suppose -197 = -5*m + u, -5*m - 19 = -3*u - 220. List the prime factors of m.
3, 13
Suppose -q + 2*p = -109, -211 - 264 = -5*q - 4*p. What are the prime factors of q?
3, 11
Let y = -63 + 305. What are the prime factors of y?
2, 11
Suppose 0 = 2*o - 19 + 1. Let x = 1 + o. Suppose 5*l - 51 = -2*m, -4*m - x = -2. List the prime factors of l.
11
Let t be (-1 + -4)*24/(-8). Suppose -3*a + 5 = -s + 2, a - 5*s = t. Suppose 3*w + 24 = 5*c - a*w, 5*w = 5*c - 30. List the prime factors of c.
3
Suppose -5*g = -8*g. Suppose 9 = u - g. What are the prime factors of u?
3
Let n = 299 + -75. List the prime factors of n.
2, 7
Let t(g) = -3*g - 9. Let y be t(-4). Suppose b + b - 24 = 0. Suppose y*x + 0*x = b. List the prime factors of x.
2
Suppose 0 = -t + 31 - 6. Let r = t - 41. Let b = r - -28. What are the prime factors of b?
2, 3
Let k(t) = -16*t - 1. Let z be k(-1). Let a = 32 - z. Let w = a - 8. What are the prime factors of w?
3
Let g = 29 + 16. What are the prime factors of g?
3, 5
Let v(b) be the second derivative of -b**3/6 + 2*b**2 - 3*b. Let t be v(7). What are the prime factors of ((-1)/t)/(1/15)?
5
Suppose 12 = 5*m + 2. Let g be 6/18 + (-44)/(-12). Suppose -m*d + 3*z = 3, -2*d + z = -3 - g. List the prime factors of d.
2, 3
Let h = 12 + -7. Suppose -2*w - 15 = -0*w + 3*d, -h*w - 2*d - 10 = 0. Let c = w + 6. What are the prime factors of c?
2, 3
Let f(r) = 13*r. Let a(m) = -14*m - 1. Let t(u) = -2*a(u) - 3*f(u). Let l be t(-3). Let n = l + -19. What are the prime factors of n?
2
Suppose -g - 8 = 4*x - 0, -6 = 2*x. Suppose 0 = 2*p - 5*b + 2*b - 35, 2*p - 14 = -g*b. Suppose -w = -6 - p. List the prime factors of w.
19
List the prime factors of (-10 + 45)*((-8)/(-5) + -1).
3, 7
Let h be (-2)/(-5) - (-65)/25. Suppose 5*c = 3*m - 2*m + 16, -h*c - 21 = -4*m. What are the prime factors of m?
3
Let o be -2 - (-1 - -4 - 1). Let f(r) be the second derivative of -r**4/12 - 7*r**3/6 - 3*r**2/2 + r. List the prime factors of f(o).
3
Let y(p) = -2*p**3 - 4*p**2 - 15*p + 8. What are the prime factors of y(-4)?
2, 3, 11
Suppose 2*m + 5*o = m + 331, 3*m - 925 = 2*o. What are the prime factors of m?
311
Let f(s) = -s + 1. Let p be f(0). Let y = 21 - p. What are the prime factors of y?
2, 5
Let v(d) = -7*d + 11. Let n(g) = -6*g + 10. Let q(y) = -6*n(y) + 5*v(y). Let t be q(6). Let j(r) = 6*r. List the prime factors of j(t).
2, 3
Let k be 90/8 - 2/8. Suppose -4*c = -k + 43. List the prime factors of (c/(-24))/(2/18).
3
Suppose 0*z + 14 = -z. Let t = -3 - z. What are the prime factors of t?
11
Suppose -3*g + 3*h = -24, 3*h - 6*h - 27 = -4*g. Suppose -g*i = -z - 95, 34 = 4*i + 4*z - 98. What are the prime factors of i?
2
Suppose -2*m - 10 = 0, 3*m + 15 = -2*o + 6*o. Let u = 21 + -6. Let i = u + o. List the prime factors of i.
3, 5
Suppose 2*k - 4 = k. Suppose 0 = 5*d - 4*t - 48, 5*t = -k*d + 3*t + 28. List the prime factors of 0 + 1 + d - -1.
2, 5
List the prime factors of 3664/40 - (-2)/5.
2, 23
Suppose -244 = -5*o + o + c, 2*o - 3*c = 122. What are the prime factors of 1/(-6) - o/(-6)?
2, 5
Suppose 8*u = 3*u + 10. Suppose -4*w + 26 = -u*w. List the prime factors of w.
13
Suppose w + 10 - 90 = 0. List the prime factors of w.
2, 5
Suppose -7*n + 529 = -304. What are the prime factors of n?
7, 17
Suppose -3*o = -3 - 3. Suppose 3*l = o*l + 6. Suppose -3*a = -n + l, n + 5*a - 2*a - 6 = 0. List the prime factors of n.
2, 3
Let k = -26 - 160. List the prime factors of k/(-26) + 24/(-156).
7
Suppose l - 2*x = 36, 4*x + 109 = 4*l + 3*x. Suppose 0 = -2*r + 4*r - l. What are the prime factors of r?
13
What are the prime factors of ((-26)/(-91) + 1695/(-28))*-4?
241
Let b(i) = i**2 + 3*i + 1. Let t be b(-2). Let g be 1/((t/2)/(-1)). Suppose 11 = g*f - 23. What are the prime factors of f?
17
Let i(j) be the first derivative of 4*j + 1/4*j**4 + 0*j**2 + 4/3*j**3 + 1. What are the prime factors of i(-4)?
2
Let a(j) = 5*j**2 - 2*j**2 + 10*j + 6*j**2 - j**3 + 13. What are the prime factors of a(10)?
13
Suppose -36 = 4*h - 148. List the prime factors of h.
2, 7
Let g(l) = 10*l**2 - l. Suppose -w - 2*w + 3 = 0. Let n be g(w). Suppose -31 = -4*u + n. What are the prime factors of u?
2, 5
Suppose 0 = -2*f - 4*t - 2 - 14, 5*f - 25 = 3*t. Suppose f*x + 2*x = 16. What are the prime factors of x?
2
Let a(v) = -3 + 6*v**2 + 3*v**3 - 2*v**3 + 9. Let p be a(-6). What are the prime factors of (2/1)/(p/21)?
7
Suppose 0 = -4*d + d + 183. List the prime factors of d.
61
Let y = -49 - -115. List the prime factors of y.
2, 3, 11
Let n(t) = -t**3 - t**2 - t + 92. Let f be n(0). Suppose 5*k + 0*k + 2*a - f = 0, -5*k + 88 = 3*a. What are the prime factors of (-8)/k*(-30 + 0)?
2, 3
Let r(q) = -q**2 - 16*q - 2. What are the prime factors of r(-14)?
2, 13
Suppose 5*w - 21 - 109 = 0. List the prime factors of w.
2, 13
Let p be 2 + 1 + -2 + 3. What are the prime factors of ((-3)/5)/(p/(-20))?
3
Let q = -5 - -7. Suppose 0 = n + q*x - 2, 2*x + 6 - 2 = 2*n. What are the prime factors of n?
2
Let h(r) = r + 5. Let v be h(0). Let z(b) = -b**3 + 6*b**2 - 3*b - 4. List the prime factors of z(v).
2, 3
Let m(j) = -2*j + 1. Let l be m(-2). Suppose l*h - 53 = 17. What are the prime factors of h?
2, 7
Let a = 14 - 39. Let n be (-10)/a - (-16)/10. Suppose -n*u - 9 - 7 = -z, -u - 62 = -5*z. What are the prime factors of z?
2, 3
Suppose -3*v = -5*n + 5 - 1, 2*v = 5*n - 1. Let z be 0/n + -1 + 1. Suppose -5*c + 0*c + 3*o + 12 = z, c = o + 2. What are the prime factors of c?
3
Suppose -3*n - 2*n = 0. Suppose 2*o - 2 - 8 = n. Suppose 0 = -5*a + x + 43, o = -a + 2*a + x. What are the prime factors of a?
2
Let i = 6 - 1. Suppose 2*p - 3*p + 3 = d, i*d = -p + 11. Let o = p - -13. What are the prime factors of o?
2, 7
Let a(d) be the first derivative of d**4/4 + d**3 - 3*d**2 - d + 2. List the prime factors of a(-4).
7
Suppose 0*h = -5*h + 25. Let i be (h + -1)*(4 + -1). Suppose -3*q - i = -4*q. List the prime factors of q.
2, 3
Suppose 4*j + 17 = 913. List the prime factors of j.
2, 7
Let g = 301 - 171. List the prime factors of g.
2, 5, 13
Suppose -2*l + 5*l = -4*r + 8, r = -2*l - 3. Let d(v) = -v**3 